{"id":145,"date":"2012-05-30T11:07:01","date_gmt":"2012-05-30T09:07:01","guid":{"rendered":"http:\/\/www.msh-stadtplanung.de\/?page_id=145"},"modified":"2024-04-23T14:30:29","modified_gmt":"2024-04-23T12:30:29","slug":"referenzen","status":"publish","type":"page","link":"https:\/\/www.msh-stadtplanung.de\/?page_id=145","title":{"rendered":"Referenzen"},"content":{"rendered":"<p><span style=\"color: #3366ff;\"><strong>Gutachten und Untersuchungen<\/strong><\/span><\/p>\n<ul>\n<li>Kommunales Denkmalkonzept (KDK) &#8222;Altort Ro\u00dftal&#8220;, Modul 2, Markt Ro\u00dftal<\/li>\n<li>Stadtm\u00f6blierungskonzept, Stadt R\u00f6thenbach a.d.Pegnitz<\/li>\n<li>Integriertes St\u00e4dtebauliches Entwicklungskonzept (ISEK) f\u00fcr den Ort Auhausen, Gemeinde Auhausen \/ Schwaben<\/li>\n<li>Integriertes St\u00e4dtebauliches Entwicklungskonzept (ISEK) f\u00fcr den Ort Eggolsheim, Markt Eggolsheim<\/li>\n<li>Integriertes St\u00e4dtebauliches Entwicklungskonzept (ISEK) f\u00fcr die Gemeinde Bubenreuth<\/li>\n<li>Vorbereitende Untersuchungen &#8222;Kraftshof&#8220;, Gutachten, Moderation und Gestaltung, Stadt N\u00fcrnberg<\/li>\n<li>Fortschreibung des Integrierten Handlungskonzepts f\u00fcr die Neumarkter Altstadt mit Monitoringkonzept, Stadt Neumarkt i.d.OPf.,<\/li>\n<li>Forschungsprojekt &#8222;Kooperationen Konkret&#8220;, Wissenschaftliche Begleitung eines Leitprojekts im Rahmen von ExWoSt (Experimenteller Wohnungs- und St\u00e4dtebau), &nbsp;&nbsp;&nbsp; Bundesministerium f\u00fcr Verkehr, Bau und Stadtentwicklung (BMVBS)<\/li>\n<li>&#8222;Altstadt Vilseck&#8220;, Vorbereitende Untersuchungen und Integriertes Handlungskonzept, Stadt Vilseck<\/li>\n<li>&#8222;Rothenburg Innenstadt&#8220;, Vorbereitende Untersuchungen mit sozialr\u00e4umlicher Analyse, Integriertes Handlungskonzept<\/li>\n<li>Projektsteuerung, Stadt Rothenburg ob der Tauber<\/li>\n<li>Evaluation der Programmgebiete &#8222;Schwabach Altstadt und Schwalbenweg&#8220;, Stadt Schwabach<\/li>\n<li>Feuchtwangen Innenstadt&#8220;, Stadterneuerung, Stadt Feuchtwangen, Vorbereitende Untersuchungen, Sozialr\u00e4umliche Untersuchung, Integriertes &nbsp;&nbsp; &nbsp;&nbsp;&nbsp; &nbsp;&nbsp;&nbsp; &nbsp;&nbsp; Handlungskonzept, Monitoring-Konzeption im Rahmen des Programms &#8222;Soziale Stadt&#8220;<\/li>\n<li>Vorbereitende Untersuchungen&nbsp; und Integriertes Handlungskonzept &#8222;Altstadt Zirndorf&#8220;, Stadt Zirndorf<\/li>\n<li>Evaluation des Programmgebiets &#8222;Neumarkter Altstadt&#8220;, Stadt Neumarkt i.d.OPf.<\/li>\n<li>Integriertes Handlungskonzept, Brosch\u00fcre &#8222;Leben von Innen &#8211; Projekte zur nachhaltigen Altstadtentwicklung&#8220;, Stadt Neumarkt i.d.OPf.<\/li>\n<li>Vorbereitende Untersuchungen &#8222;N\u00f6rdlich u. S\u00fcdlich der Dr.-Max-Grundig-Anlage&#8220;, &nbsp;&nbsp; F\u00fcrth (4,1 ha)<\/li>\n<li>&#8222;Energie-Achse&#8220; f\u00fcr die N\u00fcrnberger S\u00fcdstadt &#8211; Energiekonzept mit innovativer &nbsp;&nbsp; &nbsp;&nbsp;&nbsp; &nbsp;&nbsp; B\u00fcrgerbeteiligung f\u00fcr das Bayerische Wirtschaftsministerium (in Zusammenarbeit &nbsp;&nbsp; &nbsp; mit Ecofys GmbH und Stiftung Stadt\u00f6kologie N\u00fcrnberg)<\/li>\n<li>&#8222;Nordstadt-West&#8220;, Zirndorf, Vorbereitende Untersuchungen mit sozialr\u00e4umlichem &nbsp;&nbsp; &nbsp;&nbsp; Schwerpunkt (35,5 ha)<\/li>\n<li>&#8222;Aschaffenburg-Damm&#8220;, Sozialr\u00e4umliche Analyse und Entwicklung des &nbsp;&nbsp; &nbsp;&nbsp;&nbsp; &nbsp;&nbsp;&nbsp; &nbsp;&nbsp;&nbsp; &nbsp;&nbsp;&nbsp; &nbsp;Integrierten Handlungskonzepts (in Zusammenarbeit mit Rittmannsperger+Partner GmbH, Darmstadt)<\/li>\n<li>&#8222;Westliche Innenstadt F\u00fcrth&#8220;, Vorbereitende Untersuchungen nach BauGB im Rahmen des Bund-L\u00e4nder-Programms &#8222;Soziale Stadt&#8220;. (100 ha)<\/li>\n<li>&#8222;Theaterstra\u00dfe&#8220;, Vorbereitende Untersuchungen nach BauGB im Rahmen der &nbsp;&nbsp; &nbsp;&nbsp;&nbsp; &nbsp;&nbsp;&nbsp; Stadtsanierung F\u00fcrth (3,5 ha)<\/li>\n<li>&#8222;Textilviertel Augsburg&#8220;, St\u00e4dtebauliche Rahmenplanung<\/li>\n<li>&#8222;Bootsh\u00e4user und Freizeitbauten am Malchower See&#8220;, Baufibel, Stadt Malchow, Mecklenburg f\u00fcr Architekturb\u00fcro Schultz, Neumarkt (Egna), Italien<\/li>\n<li>Mitarbeit im Expertenkreis \u00d6kologische Stadtsanierung N\u00fcrnberg, Gostenhof-Ost<\/li>\n<li>Mitarbeit am UNESCO-Projekt &#8222;Man and Biosphere&#8220; &#8211; MAB6 \u00d6kosystemforschung &nbsp;&nbsp; Berchtesgaden. Teilstudie Sozio\u00f6konomisches System (Auftraggeber BM f\u00fcr &nbsp;&nbsp; &nbsp;&nbsp;&nbsp; &nbsp;&nbsp;&nbsp;&nbsp; Umwelt, Naturschutz und Reaktorsicherheit\/UBA; zusammen mit dem IMU-&nbsp;&nbsp; &nbsp;&nbsp;&nbsp; &nbsp;&nbsp;&nbsp; &nbsp;&nbsp;&nbsp; Institut, M\u00fcnchen\/N\u00fcrnberg, Planungsgruppe 504)<\/li>\n<\/ul>\n<p><span style=\"color: #3366ff;\"><strong>Management und Moderation<\/strong><\/span><\/p>\n<p>Quartiersmanagement in den Programmgebieten:<\/p>\n<ul>\n<li>&#8222;Innenstadt F\u00fcrth&#8220;, Stadt F\u00fcrth (seit 2000)<\/li>\n<li>&#8222;Nordstadt-West&#8220;, Stadt Zirndorf (2003 &#8211; 2019)<\/li>\n<li>&#8222;Altstadt, Neustadt, Bereich Lorlebergplatz&#8220;, Stadt Erlangen (2006 &#8211; 2011)<\/li>\n<li>&#8222;Zirndorf Stadtkern&#8220;, Stadt Zirndorf (2010 &#8211; 2019)&nbsp;<\/li>\n<li>&#8222;N\u00fcrnberg Galgenhof-Steinb\u00fchl&#8220;, Stadt N\u00fcrnberg (2014-2016)<\/li>\n<li>&#8222;N\u00fcrnberg Weststadt&#8220;, Stadt N\u00fcrnberg (2017-2023)&nbsp; &nbsp; &nbsp; &nbsp; &nbsp; &nbsp; &nbsp; &nbsp; &nbsp; &nbsp; &nbsp; &nbsp; &nbsp; &nbsp; &nbsp; &nbsp; &nbsp; &nbsp;&nbsp; &nbsp; &nbsp;<\/li>\n<li>&#8222;Bayreuth Innenstadt&#8220;, Stadt Bayreuth (2016-2020)<\/li>\n<\/ul>\n<p>Aufgaben im Rahmen der Programme der St\u00e4dtebauf\u00f6rderung. Schwerpunkte: Sanierungsberatung und -begleitung, Verbesserungen im Wohnumfeld und \u00f6ffentlichen Raum, Soziale Integration, Konfliktmanagement, Verbesserung der Situation von Kindern und Jugendlichen.&nbsp;&nbsp;&nbsp;&nbsp; &nbsp; &nbsp;&nbsp;&nbsp;&nbsp;&nbsp;&nbsp;&nbsp;&nbsp;&nbsp;&nbsp;&nbsp;&nbsp;&nbsp;&nbsp;&nbsp;&nbsp;&nbsp;&nbsp;&nbsp;&nbsp;&nbsp;&nbsp;&nbsp;&nbsp;&nbsp;&nbsp;&nbsp;&nbsp;&nbsp;&nbsp;&nbsp;&nbsp;&nbsp;&nbsp;&nbsp;&nbsp;&nbsp;&nbsp;<\/p>\n<ul>\n<li>Citymanagement &#8222;Innenstadt Heilsbronn&#8220;, Stadt Heilsbronn (2013 &#8211; 2014)<\/li>\n<li>Projektmanagement &#8222;Innenentwicklung Altstadt Feuchtwangen&#8220;, Stadt Feuchtwangen (2012 &#8211; 2013)<\/li>\n<li>Stadtumbaumanagement und Moderation im Programm &#8222;Stadtumbau West&#8220;<br \/>\nMarkt Waidhaus (2010-2012, 2014-2015)<\/li>\n<\/ul>\n<p><span style=\"color: #3366ff;\"><strong>St\u00e4dtebauliche Beratung<\/strong><\/span><\/p>\n<ul>\n<li>Stadt Vilseck, St\u00e4dtebauliche Beratung Sanierungsgebiet &#8222;Altstadt Vilseck&#8220; (seit 2012)<\/li>\n<li>Stadt Velburg, St\u00e4dtebauliche Beratung Sanierungsgebiet &#8222;Altstadt Velburg&#8220; (seit 2016)<\/li>\n<li>Markt Eggolsheim, St\u00e4dtebauliche Beratung Sanierungsgebiet &#8222;Ortsmitte Eggolsheim&#8220; (seit 2021)<\/li>\n<li>Markt Burgebrach; St\u00e4dtebauliche Beratung Sanierungsgebiet &#8222;Ortskern Burgebrach&#8220; (seit 2021)<\/li>\n<\/ul>\n<p><span style=\"color: #3366ff;\"><strong>Fachberatungen<\/strong><\/span><\/p>\n<ul>\n<li>Industrie- und Gewerbepark Maintal, Stadt Schweinfurt<\/li>\n<li>Ehemaliges Schlachthofareal Sankt Leonhard, Stadt N\u00fcrnberg<\/li>\n<li>Wettbewerb &#8222;Landesgartenschau 2000&#8220;, Stadt Memmingen<\/li>\n<li>Wohngebiet Hohlm\u00fchle, Stadt Bayreuth<\/li>\n<li>Neue Mitte Zirndorf, Nordstadt-West, Stadt Zirndorf<\/li>\n<\/ul>\n<p><span style=\"color: #3366ff;\"><strong> Ausstellungen, Events<\/strong>, <strong>Ver\u00f6ffentlichungen<\/strong><\/span><\/p>\n<ul>\n<li>&#8222;Tag der St\u00e4dtebauf\u00f6rderung&#8220;, Konzeption und Umsetzung der Projekttage in den Projektkommunen N\u00fcrnberg, F\u00fcrth, Bayreuth, Velburg<\/li>\n<li>&#8222;F\u00fcrther Erz\u00e4hlnacht&#8220;, Konzeption und Umsetzung, 2008 &#8211; 2010, 2012, 2014, 2017- 2019, 2021, 2022<\/li>\n<li>&#8222;Einblick in F\u00fcrther H\u00f6fe&#8220;: \u00dcber 50 Innenstadth\u00f6fe \u00f6ffnen ihre Tore und laden zum Verweilen und Genie\u00dfen, 2013 und 2018<\/li>\n<li>&#8222;20 Jahre Programm Soziale Stadt in F\u00fcrth&#8220;, Dokumentationsbrosch\u00fcre mit zahlreichen Umsetzungsbeispielen, 2020<\/li>\n<li>&#8222;Tag der offenen H\u00f6fe 2007&#8220;, Konzeption und Umsetzung der Schwerpunktveranstaltung im Rahmen des 1000-j\u00e4hrigen Stadtjubil\u00e4ums von F\u00fcrth (1. und 2. September 2007)<\/li>\n<li>&#8222;Denkmalpflege und Migration&#8220;, Fachvortag zur Veranstaltung &#8222;100 Jahre Bayerisches Landesamt f\u00fcr Denkmalpflege &#8211; Perspektiven f\u00fcr das neue Jahrhundert&#8220;, 18.September 2007<\/li>\n<li>Festveranstaltung &#8222;5 Jahre Programm Soziale Stadt in F\u00fcrth&#8220;<\/li>\n<li>&#8222;Jonas kennt Arjan&#8220;, Fotoausstellung \u00fcber Menschen und ihre Beziehung zum Quartier<\/li>\n<li>&#8222;Querw\u00e4rts &#8211; eine experimentelle Stadtbetrachtung&#8220;, Ausstellung zum 950-j\u00e4hrigen Stadtjubil\u00e4um der Stadt N\u00fcrnberg<\/li>\n<li>&#8222;Mathildenstra\u00dfenfeste&#8220; &#8211; Initiierung und Mitorganisation der Stadtteilfeste in F\u00fcrth im Programmgebiet &#8222;Soziale Stadt&#8220;, 2001-2007<\/li>\n<li>Str\u00f6mungsbilder einer Stadt, Stadtstruktur und -planung nach dem bildnerischen Motiv des &#8222;Flie\u00dfens&#8220;<\/li>\n<li>&#8222;Umh\u00f6ren &#8211; ein akustischer Stadtessay f\u00fcr N\u00fcrnberg&#8220;, Arbeit zur akustischen Wahrnehmung von Architektur<\/li>\n<li>&#8222;Provence-Dauphin\u00e9 -Die Emanzipation der Obstkiste&#8220;, Gemeinschaftsausstellung f\u00fcr das Stadthaus Ulm, Sonderausstellung Designb\u00f6rse N\u00fcrnberg<\/li>\n<\/ul>\n<h2 style=\"text-align: left;\"><span style=\"color: #3366ff;\"><strong>Wettbewerbe<\/strong><\/span><\/h2>\n<ul>\n<li>&#8222;Internationaler DIFA-Award 2004&#8220;&nbsp; -Westliche Innenstadt F\u00fcrth-&nbsp;&nbsp; &nbsp;&nbsp;&nbsp; &nbsp;&nbsp;&nbsp; &nbsp;&nbsp;&nbsp; &nbsp;&nbsp;&nbsp; &nbsp;&nbsp;&nbsp; &nbsp;Auswahlprojekt: Europas beste Quartiere, 15 Konzepte f\u00fcr die Zukunft der Stadt<\/li>\n<li>&#8222;Preis Soziale Stadt 2002&#8220;, -Anwohnerinitiative Marienstra\u00dfe-, Projekt der engeren Wahl<\/li>\n<li>&#8222;Gr\u00fcner Markt&#8220;, Ideenwettbewerb zur Platzgestaltung , F\u00fcrth, 2.Preis<\/li>\n<li>Innenraumgestaltung der St. Clara-Kirche, Ulm, K\u00fcnstlerischer Wettbewerb, 3.Preis<\/li>\n<li>&#8222;Dietrich-Bonhoeffer-Zeichen&#8220;, Wettbewerb f\u00fcr die KZ-Gedenkst\u00e4tte Flossenb\u00fcrg,1.Preis<\/li>\n<li>Umstrukturierung der W.O. Darby-Kaserne, F\u00fcrth, 4.Preis, in freier Mitarbeit im Architekturb\u00fcro Johannes &amp; Kress &amp; Stra\u00dfg\u00fcrtl<\/li>\n<li>&#8222;Schauseite-Kehrseite&#8220;, Fotowettbewerb, 1.Preis<\/li>\n<li>Ideenwettbewerb &#8222;Kaisermeile Augsburg&#8220;, Stadt Augsburg<\/li>\n<\/ul>\n<p><span style=\"color: #3366ff;\"><strong>Sonstige Erfahrungen aus beruflicher T\u00e4tigkeit<\/strong><\/span><\/p>\n<ul>\n<li>Lehrauftr\u00e4ge an der Akademie der Bildenden K\u00fcnste N\u00fcrnberg und an der Technischen Hochschule N\u00fcrnberg Georg Simon Ohm: &#8222;Dreidimensionales&nbsp; Gestalten&#8220;, &#8222;Stadtteilerneuerung&#8220;, &#8222;Integrierte Stadtentwicklung&#8220; (Fr. Schwab)<\/li>\n<\/ul>\n<p>&nbsp;<\/p>\n","protected":false},"excerpt":{"rendered":"<p>Gutachten und Untersuchungen Kommunales Denkmalkonzept (KDK) &#8222;Altort Ro\u00dftal&#8220;, Modul 2, Markt Ro\u00dftal Stadtm\u00f6blierungskonzept, Stadt R\u00f6thenbach a.d.Pegnitz Integriertes St\u00e4dtebauliches Entwicklungskonzept (ISEK) f\u00fcr den Ort Auhausen, Gemeinde Auhausen \/ Schwaben Integriertes St\u00e4dtebauliches Entwicklungskonzept (ISEK) f\u00fcr den Ort Eggolsheim, Markt Eggolsheim Integriertes St\u00e4dtebauliches &hellip; <a href=\"https:\/\/www.msh-stadtplanung.de\/?page_id=145\">Weiterlesen <span class=\"meta-nav\">&rarr;<\/span><\/a><\/p>\n","protected":false},"author":1,"featured_media":0,"parent":0,"menu_order":0,"comment_status":"closed","ping_status":"open","template":"","meta":{"ngg_post_thumbnail":0,"footnotes":""},"class_list":["post-145","page","type-page","status-publish","hentry"],"aioseo_notices":[],"_links":{"self":[{"href":"https:\/\/www.msh-stadtplanung.de\/index.php?rest_route=\/wp\/v2\/pages\/145","targetHints":{"allow":["GET"]}}],"collection":[{"href":"https:\/\/www.msh-stadtplanung.de\/index.php?rest_route=\/wp\/v2\/pages"}],"about":[{"href":"https:\/\/www.msh-stadtplanung.de\/index.php?rest_route=\/wp\/v2\/types\/page"}],"author":[{"embeddable":true,"href":"https:\/\/www.msh-stadtplanung.de\/index.php?rest_route=\/wp\/v2\/users\/1"}],"replies":[{"embeddable":true,"href":"https:\/\/www.msh-stadtplanung.de\/index.php?rest_route=%2Fwp%2Fv2%2Fcomments&post=145"}],"version-history":[{"count":31,"href":"https:\/\/www.msh-stadtplanung.de\/index.php?rest_route=\/wp\/v2\/pages\/145\/revisions"}],"predecessor-version":[{"id":437,"href":"https:\/\/www.msh-stadtplanung.de\/index.php?rest_route=\/wp\/v2\/pages\/145\/revisions\/437"}],"wp:attachment":[{"href":"https:\/\/www.msh-stadtplanung.de\/index.php?rest_route=%2Fwp%2Fv2%2Fmedia&parent=145"}],"curies":[{"name":"wp","href":"https:\/\/api.w.org\/{rel}","templated":true}]}}