{"id":4,"date":"2012-05-15T11:04:24","date_gmt":"2012-05-15T09:04:24","guid":{"rendered":"http:\/\/www.msh-stadtplanung.de\/?page_id=4"},"modified":"2022-12-20T21:21:07","modified_gmt":"2022-12-20T20:21:07","slug":"dasbuero","status":"publish","type":"page","link":"https:\/\/www.msh-stadtplanung.de\/","title":{"rendered":"Das B\u00fcro"},"content":{"rendered":"<p>Unter dem vorherigen B\u00fcronamen Planungsgruppe Meyer-Schwab-Heckelsm\u00fcller GbR bearbeiten wir seit 1999 Projekte rund um Stadtplanung und Stadterneuerung.&nbsp;&nbsp;&nbsp;&nbsp;&nbsp;&nbsp;&nbsp;&nbsp;&nbsp;&nbsp;&nbsp;&nbsp;&nbsp;&nbsp;&nbsp;&nbsp;&nbsp; Nach dem altersbedingtem Ausscheiden unseres Kollegen Friedrich Meyer sind wir seit 2021 weiter als <strong>msh stadtplanung<\/strong> GbR f\u00fcr Sie da.<\/p>\n<p><a href=\"https:\/\/www.msh-stadtplanung.de\/wp-content\/uploads\/2020\/12\/msh-Logo-2021-Nr8-6cm.jpg\"><img loading=\"lazy\" decoding=\"async\" class=\"alignleft size-full wp-image-399\" src=\"https:\/\/www.msh-stadtplanung.de\/wp-content\/uploads\/2020\/12\/msh-Logo-2021-Nr8-6cm.jpg\" alt=\"\" width=\"709\" height=\"173\" srcset=\"https:\/\/www.msh-stadtplanung.de\/wp-content\/uploads\/2020\/12\/msh-Logo-2021-Nr8-6cm.jpg 709w, https:\/\/www.msh-stadtplanung.de\/wp-content\/uploads\/2020\/12\/msh-Logo-2021-Nr8-6cm-300x73.jpg 300w, https:\/\/www.msh-stadtplanung.de\/wp-content\/uploads\/2020\/12\/msh-Logo-2021-Nr8-6cm-500x122.jpg 500w\" sizes=\"auto, (max-width: 709px) 100vw, 709px\" \/><\/a><\/p>\n<p>Durch die mitgebrachten Erfahrungen aus unseren unterschiedlichen Berufsbildern, unsere langj\u00e4hrige Zusammenarbeit und die Kooperation mit Fachleuten anderer Professionen, Beh\u00f6rden, Kommunen und Hochschulen, k\u00f6nnen wir ein gro\u00dfes Aufgabenspektrum im Bereich der r\u00e4umlichen und sozialen Planung abdecken.<\/p>\n<p>Jedes Projekt wird auf seine gezielte Probleml\u00f6sung hin individuell abgestimmt. Eine Symbiose aus bew\u00e4hrten standardisierten Bausteinen und individuell angepassten oder neu entwickelten Elementen weist den Weg zu umsetzbaren Ergebnissen. Der direkte und offene Kontakt zu B\u00fcrgern und Auftraggebern sowie deren Feedback ist uns bei jedem Auftrag ein zentrales Anliegen.<\/p>\n<p><a href=\"https:\/\/www.msh-stadtplanung.de\/wp-content\/uploads\/2022\/10\/msh-Portrait-Alexandra-Schwab-kl-mit-Autorhinweis.jpg\"><img loading=\"lazy\" decoding=\"async\" class=\"alignnone wp-image-410 size-medium\" title=\"Alexandra-Schwab\" src=\"https:\/\/www.msh-stadtplanung.de\/wp-content\/uploads\/2022\/10\/msh-Portrait-Alexandra-Schwab-kl-mit-Autorhinweis-284x300.jpg\" alt=\"\" width=\"284\" height=\"300\" srcset=\"https:\/\/www.msh-stadtplanung.de\/wp-content\/uploads\/2022\/10\/msh-Portrait-Alexandra-Schwab-kl-mit-Autorhinweis-284x300.jpg 284w, https:\/\/www.msh-stadtplanung.de\/wp-content\/uploads\/2022\/10\/msh-Portrait-Alexandra-Schwab-kl-mit-Autorhinweis.jpg 709w\" sizes=\"auto, (max-width: 284px) 100vw, 284px\" \/><\/a><\/p>\n<p><strong>Alexandra Schwab <\/strong>(*1969)<br>Stadtplanerin BayAK, Architektin&nbsp;Dipl.-Ing. (FH),<br>Diplom der Bildenden K\u00fcnste<\/p>\n<p><a href=\"https:\/\/www.msh-stadtplanung.de\/wp-content\/uploads\/2022\/10\/msh-Portrait-WH-kl.jpg\"><img loading=\"lazy\" decoding=\"async\" class=\"alignnone wp-image-411 size-medium\" title=\"Werner-Heckelsmueller\" src=\"https:\/\/www.msh-stadtplanung.de\/wp-content\/uploads\/2022\/10\/msh-Portrait-WH-kl-300x300.jpg\" alt=\"\" width=\"300\" height=\"300\" srcset=\"https:\/\/www.msh-stadtplanung.de\/wp-content\/uploads\/2022\/10\/msh-Portrait-WH-kl-300x300.jpg 300w, https:\/\/www.msh-stadtplanung.de\/wp-content\/uploads\/2022\/10\/msh-Portrait-WH-kl-150x150.jpg 150w, https:\/\/www.msh-stadtplanung.de\/wp-content\/uploads\/2022\/10\/msh-Portrait-WH-kl.jpg 709w\" sizes=\"auto, (max-width: 300px) 100vw, 300px\" \/><\/a><\/p>\n<p><strong>Werner Heckelsm\u00fcller <\/strong>(*1964)&nbsp;&nbsp;&nbsp;&nbsp;&nbsp;&nbsp;&nbsp;&nbsp;&nbsp;&nbsp;&nbsp;&nbsp;&nbsp;&nbsp;&nbsp;&nbsp;&nbsp;&nbsp;&nbsp;&nbsp;&nbsp;&nbsp;&nbsp;&nbsp;&nbsp;&nbsp;&nbsp;&nbsp;&nbsp;&nbsp;&nbsp;&nbsp;&nbsp;&nbsp;&nbsp;&nbsp;&nbsp;&nbsp;&nbsp;&nbsp;&nbsp;&nbsp;&nbsp;&nbsp;&nbsp;&nbsp;&nbsp;&nbsp;&nbsp;&nbsp;&nbsp;&nbsp;&nbsp;&nbsp;&nbsp;&nbsp;&nbsp;&nbsp;&nbsp;&nbsp;&nbsp;&nbsp;&nbsp;&nbsp;&nbsp;&nbsp;&nbsp;&nbsp;&nbsp;&nbsp;&nbsp;&nbsp;&nbsp;&nbsp;&nbsp;&nbsp;&nbsp;&nbsp;&nbsp;&nbsp;&nbsp;&nbsp;&nbsp; Stadtplaner BayAK, Dipl.-Ing. (FH) Fachbereich Innenarchitektur<\/p>\n<p>&nbsp;<\/p>\n<ul>\n<li><strong>Von<\/strong><strong> 1999 bis Dez. 2020&nbsp;&nbsp;&nbsp;&nbsp;&nbsp;&nbsp;&nbsp;&nbsp;&nbsp;&nbsp;&nbsp;&nbsp;&nbsp;&nbsp;&nbsp;&nbsp;&nbsp;&nbsp;&nbsp;&nbsp;&nbsp;&nbsp;&nbsp;&nbsp;&nbsp;&nbsp;&nbsp;&nbsp;&nbsp;&nbsp;&nbsp;&nbsp;&nbsp;&nbsp;&nbsp;&nbsp;&nbsp;&nbsp;&nbsp;&nbsp;&nbsp;&nbsp;&nbsp;&nbsp;&nbsp;&nbsp;&nbsp;&nbsp;&nbsp;&nbsp;&nbsp;&nbsp;&nbsp;&nbsp;&nbsp;&nbsp;&nbsp;&nbsp;&nbsp;&nbsp;&nbsp;&nbsp;&nbsp;&nbsp;&nbsp;&nbsp;&nbsp;&nbsp;&nbsp;&nbsp;&nbsp;&nbsp;&nbsp;&nbsp;&nbsp;&nbsp;&nbsp;&nbsp;&nbsp;&nbsp;&nbsp;&nbsp; <\/strong><strong>Friedrich H. Meyer <\/strong>(*1956)<strong><br><\/strong>Stadtplaner BayAK, Dipl.- Wirtschaftsingenieur (FH),<br>Dipl. Geograph (TU), Planer SRL &nbsp;&nbsp;&nbsp;&nbsp;&nbsp;&nbsp;&nbsp;&nbsp;&nbsp;&nbsp;&nbsp;&nbsp;<\/li>\n<\/ul>\n<h2>&nbsp;<\/h2>\n<h2>&nbsp;<\/h2>\n<h1>Aufgabenschwerpunkte<\/h1>\n<h3><strong>St\u00e4dtebauliche Planungen und Gutachten<\/strong><\/h3>\n<p>\u2022 Integrierte Handlungs- und Stadtentwicklungskonzepte (z.B. ISEK) \u2022 Vorbereitende Untersuchungen (VU) \u2022 St\u00e4dtebauliche Beratungen \u2022 Machbarkeitsstudien \u2022 Evaluierungen<\/p>\n<h3><strong>B\u00fcrgerbeteiligung und Moderation<\/strong><\/h3>\n<p>\u2022&nbsp; Quartiersmanagement \u2022 St\u00e4dtebauliche Beratung \u2022 Stadtumbaumanagement \u2022 Moderationen \u2022 Workshops und Tagungen \u2022 B\u00fcrger- und Stra\u00dfenfeste \u2022<\/p>\n<h3><strong>Projektentwicklungen<\/strong><\/h3>\n<p>\u2022 Forschungsprojekte (z.B. ExWoSt, Bay. Staatsministerien) \u2022 B\u00fcrger- und Integrationsprojekte \u2022 Kooperationen mit staatlichen Einrichtungen (z.B. Schulen, Landesamt f\u00fcr Denkmalpflege) \u2022 Aufbau von Ehrenamts- und Freiwilligenagenturen \u2022<\/p>\n<h3><strong>\u00d6ffentlichkeitsarbeit<\/strong><\/h3>\n<p>\u2022 Konzeption und Umsetzung von Dokumentationen und Infobrosch\u00fcren \u2022 Gestaltungsfibeln&nbsp; und -richtlinien \u2022 B\u00fcrgerinformationen \u2022 Ausstellungen \u2022 Projekttage \u2022 Pressearbeit \u2022 Projektbegleitende Events \u2022<\/p>\n\n\n<p><\/p>\n","protected":false},"excerpt":{"rendered":"<p>Unter dem vorherigen B\u00fcronamen Planungsgruppe Meyer-Schwab-Heckelsm\u00fcller GbR bearbeiten wir seit 1999 Projekte rund um Stadtplanung und Stadterneuerung.&nbsp;&nbsp;&nbsp;&nbsp;&nbsp;&nbsp;&nbsp;&nbsp;&nbsp;&nbsp;&nbsp;&nbsp;&nbsp;&nbsp;&nbsp;&nbsp;&nbsp; Nach dem altersbedingtem Ausscheiden unseres Kollegen Friedrich Meyer sind wir seit 2021 weiter als msh stadtplanung GbR f\u00fcr Sie da. Durch die mitgebrachten &hellip; <a href=\"https:\/\/www.msh-stadtplanung.de\/\">Weiterlesen <span class=\"meta-nav\">&rarr;<\/span><\/a><\/p>\n","protected":false},"author":1,"featured_media":0,"parent":0,"menu_order":0,"comment_status":"closed","ping_status":"closed","template":"","meta":{"ngg_post_thumbnail":0,"footnotes":""},"class_list":["post-4","page","type-page","status-publish","hentry"],"aioseo_notices":[],"_links":{"self":[{"href":"https:\/\/www.msh-stadtplanung.de\/index.php?rest_route=\/wp\/v2\/pages\/4","targetHints":{"allow":["GET"]}}],"collection":[{"href":"https:\/\/www.msh-stadtplanung.de\/index.php?rest_route=\/wp\/v2\/pages"}],"about":[{"href":"https:\/\/www.msh-stadtplanung.de\/index.php?rest_route=\/wp\/v2\/types\/page"}],"author":[{"embeddable":true,"href":"https:\/\/www.msh-stadtplanung.de\/index.php?rest_route=\/wp\/v2\/users\/1"}],"replies":[{"embeddable":true,"href":"https:\/\/www.msh-stadtplanung.de\/index.php?rest_route=%2Fwp%2Fv2%2Fcomments&post=4"}],"version-history":[{"count":87,"href":"https:\/\/www.msh-stadtplanung.de\/index.php?rest_route=\/wp\/v2\/pages\/4\/revisions"}],"predecessor-version":[{"id":431,"href":"https:\/\/www.msh-stadtplanung.de\/index.php?rest_route=\/wp\/v2\/pages\/4\/revisions\/431"}],"wp:attachment":[{"href":"https:\/\/www.msh-stadtplanung.de\/index.php?rest_route=%2Fwp%2Fv2%2Fmedia&parent=4"}],"curies":[{"name":"wp","href":"https:\/\/api.w.org\/{rel}","templated":true}]}}

Das Büro

<p>Unter dem vorherigen Büronamen Planungsgruppe Meyer-Schwab-Heckelsmüller GbR bearbeiten wir seit 1999 Projekte rund um Stadtplanung und Stadterneuerung.&nbsp;&nbsp;&nbsp;&nbsp;&nbsp;&nbsp;&nbsp;&nbsp;&nbsp;&nbsp;&nbsp;&nbsp;&nbsp;&nbsp;&nbsp;&nbsp;&nbsp; Nach dem altersbedingtem Ausscheiden unseres Kollegen Friedrich Meyer sind wir seit 2021 weiter als <strong>msh stadtplanung</strong> GbR für Sie da.</p>
<p><a href="https://www.msh-stadtplanung.de/wp-content/uploads/2020/12/msh-Logo-2021-Nr8-6cm.jpg"><img loading="lazy" decoding="async" class="alignleft size-full wp-image-399" src="https://www.msh-stadtplanung.de/wp-content/uploads/2020/12/msh-Logo-2021-Nr8-6cm.jpg" alt="" width="709" height="173" srcset="https://www.msh-stadtplanung.de/wp-content/uploads/2020/12/msh-Logo-2021-Nr8-6cm.jpg 709w, https://www.msh-stadtplanung.de/wp-content/uploads/2020/12/msh-Logo-2021-Nr8-6cm-300x73.jpg 300w, https://www.msh-stadtplanung.de/wp-content/uploads/2020/12/msh-Logo-2021-Nr8-6cm-500x122.jpg 500w" sizes="auto, (max-width: 709px) 100vw, 709px" /></a></p>
<p>Durch die mitgebrachten Erfahrungen aus unseren unterschiedlichen Berufsbildern, unsere langjährige Zusammenarbeit und die Kooperation mit Fachleuten anderer Professionen, Behörden, Kommunen und Hochschulen, können wir ein großes Aufgabenspektrum im Bereich der räumlichen und sozialen Planung abdecken.</p>
<p>Jedes Projekt wird auf seine gezielte Problemlösung hin individuell abgestimmt. Eine Symbiose aus bewährten standardisierten Bausteinen und individuell angepassten oder neu entwickelten Elementen weist den Weg zu umsetzbaren Ergebnissen. Der direkte und offene Kontakt zu Bürgern und Auftraggebern sowie deren Feedback ist uns bei jedem Auftrag ein zentrales Anliegen.</p>
<p><a href="https://www.msh-stadtplanung.de/wp-content/uploads/2022/10/msh-Portrait-Alexandra-Schwab-kl-mit-Autorhinweis.jpg"><img loading="lazy" decoding="async" class="alignnone wp-image-410 size-medium" title="Alexandra-Schwab" src="https://www.msh-stadtplanung.de/wp-content/uploads/2022/10/msh-Portrait-Alexandra-Schwab-kl-mit-Autorhinweis-284x300.jpg" alt="" width="284" height="300" srcset="https://www.msh-stadtplanung.de/wp-content/uploads/2022/10/msh-Portrait-Alexandra-Schwab-kl-mit-Autorhinweis-284x300.jpg 284w, https://www.msh-stadtplanung.de/wp-content/uploads/2022/10/msh-Portrait-Alexandra-Schwab-kl-mit-Autorhinweis.jpg 709w" sizes="auto, (max-width: 284px) 100vw, 284px" /></a></p>
<p><strong>Alexandra Schwab </strong>(*1969)<br>Stadtplanerin BayAK, Architektin&nbsp;Dipl.-Ing. (FH),<br>Diplom der Bildenden Künste</p>
<p><a href="https://www.msh-stadtplanung.de/wp-content/uploads/2022/10/msh-Portrait-WH-kl.jpg"><img loading="lazy" decoding="async" class="alignnone wp-image-411 size-medium" title="Werner-Heckelsmueller" src="https://www.msh-stadtplanung.de/wp-content/uploads/2022/10/msh-Portrait-WH-kl-300x300.jpg" alt="" width="300" height="300" srcset="https://www.msh-stadtplanung.de/wp-content/uploads/2022/10/msh-Portrait-WH-kl-300x300.jpg 300w, https://www.msh-stadtplanung.de/wp-content/uploads/2022/10/msh-Portrait-WH-kl-150x150.jpg 150w, https://www.msh-stadtplanung.de/wp-content/uploads/2022/10/msh-Portrait-WH-kl.jpg 709w" sizes="auto, (max-width: 300px) 100vw, 300px" /></a></p>
<p><strong>Werner Heckelsmüller </strong>(*1964)&nbsp;&nbsp;&nbsp;&nbsp;&nbsp;&nbsp;&nbsp;&nbsp;&nbsp;&nbsp;&nbsp;&nbsp;&nbsp;&nbsp;&nbsp;&nbsp;&nbsp;&nbsp;&nbsp;&nbsp;&nbsp;&nbsp;&nbsp;&nbsp;&nbsp;&nbsp;&nbsp;&nbsp;&nbsp;&nbsp;&nbsp;&nbsp;&nbsp;&nbsp;&nbsp;&nbsp;&nbsp;&nbsp;&nbsp;&nbsp;&nbsp;&nbsp;&nbsp;&nbsp;&nbsp;&nbsp;&nbsp;&nbsp;&nbsp;&nbsp;&nbsp;&nbsp;&nbsp;&nbsp;&nbsp;&nbsp;&nbsp;&nbsp;&nbsp;&nbsp;&nbsp;&nbsp;&nbsp;&nbsp;&nbsp;&nbsp;&nbsp;&nbsp;&nbsp;&nbsp;&nbsp;&nbsp;&nbsp;&nbsp;&nbsp;&nbsp;&nbsp;&nbsp;&nbsp;&nbsp;&nbsp;&nbsp;&nbsp; Stadtplaner BayAK, Dipl.-Ing. (FH) Fachbereich Innenarchitektur</p>
<p>&nbsp;</p>
<ul>
<li><strong>Von</strong><strong> 1999 bis Dez. 2020&nbsp;&nbsp;&nbsp;&nbsp;&nbsp;&nbsp;&nbsp;&nbsp;&nbsp;&nbsp;&nbsp;&nbsp;&nbsp;&nbsp;&nbsp;&nbsp;&nbsp;&nbsp;&nbsp;&nbsp;&nbsp;&nbsp;&nbsp;&nbsp;&nbsp;&nbsp;&nbsp;&nbsp;&nbsp;&nbsp;&nbsp;&nbsp;&nbsp;&nbsp;&nbsp;&nbsp;&nbsp;&nbsp;&nbsp;&nbsp;&nbsp;&nbsp;&nbsp;&nbsp;&nbsp;&nbsp;&nbsp;&nbsp;&nbsp;&nbsp;&nbsp;&nbsp;&nbsp;&nbsp;&nbsp;&nbsp;&nbsp;&nbsp;&nbsp;&nbsp;&nbsp;&nbsp;&nbsp;&nbsp;&nbsp;&nbsp;&nbsp;&nbsp;&nbsp;&nbsp;&nbsp;&nbsp;&nbsp;&nbsp;&nbsp;&nbsp;&nbsp;&nbsp;&nbsp;&nbsp;&nbsp;&nbsp; </strong><strong>Friedrich H. Meyer </strong>(*1956)<strong><br></strong>Stadtplaner BayAK, Dipl.- Wirtschaftsingenieur (FH),<br>Dipl. Geograph (TU), Planer SRL &nbsp;&nbsp;&nbsp;&nbsp;&nbsp;&nbsp;&nbsp;&nbsp;&nbsp;&nbsp;&nbsp;&nbsp;</li>
</ul>
<h2>&nbsp;</h2>
<h2>&nbsp;</h2>
<h1>Aufgabenschwerpunkte</h1>
<h3><strong>Städtebauliche Planungen und Gutachten</strong></h3>
<p>• Integrierte Handlungs- und Stadtentwicklungskonzepte (z.B. ISEK) • Vorbereitende Untersuchungen (VU) • Städtebauliche Beratungen • Machbarkeitsstudien • Evaluierungen</p>
<h3><strong>Bürgerbeteiligung und Moderation</strong></h3>
<p>•&nbsp; Quartiersmanagement • Städtebauliche Beratung • Stadtumbaumanagement • Moderationen • Workshops und Tagungen • Bürger- und Straßenfeste •</p>
<h3><strong>Projektentwicklungen</strong></h3>
<p>• Forschungsprojekte (z.B. ExWoSt, Bay. Staatsministerien) • Bürger- und Integrationsprojekte • Kooperationen mit staatlichen Einrichtungen (z.B. Schulen, Landesamt für Denkmalpflege) • Aufbau von Ehrenamts- und Freiwilligenagenturen •</p>
<h3><strong>Öffentlichkeitsarbeit</strong></h3>
<p>• Konzeption und Umsetzung von Dokumentationen und Infobroschüren • Gestaltungsfibeln&nbsp; und -richtlinien • Bürgerinformationen • Ausstellungen • Projekttage • Pressearbeit • Projektbegleitende Events •</p>


<p></p>

<p>Unter dem vorherigen Büronamen Planungsgruppe Meyer-Schwab-Heckelsmüller GbR bearbeiten wir seit 1999 Projekte rund um Stadtplanung und Stadterneuerung.&nbsp;&nbsp;&nbsp;&nbsp;&nbsp;&nbsp;&nbsp;&nbsp;&nbsp;&nbsp;&nbsp;&nbsp;&nbsp;&nbsp;&nbsp;&nbsp;&nbsp; Nach dem altersbedingtem Ausscheiden unseres Kollegen Friedrich Meyer sind wir seit 2021 weiter als msh stadtplanung GbR für Sie da. Durch die mitgebrachten &hellip; <a href="https://www.msh-stadtplanung.de/">Weiterlesen <span class="meta-nav">&rarr;</span></a></p>
